-9 + (25 - 19 - (2 + 0))?
-6
What is 2 - (22 - 5 - -1)?
-16
Evaluate 15 + (-10 - 5 - -9) - 10.
-1
What is the value of -12 - 16 - (-6 - (0 - -4))?
-18
What is -18 - -12 - (0 - 5 - (13 - 12))?
0
(-9 + 3 - (-1 + -5)) + -4 - -13
9
What is the value of -18 + -3 + 3 + (-8 - -8 - -2)?
-16
Evaluate -5 - -9 - (28 + -24).
0
Calculate -41 + 58 + (8 - (-8 - -5)).
28
Evaluate 13 - (1 - (15 + -17 + -10)).
0
What is (-20 - -1) + -836 + 826?
-29
Calculate (-13 - 5) + -20 + 27.
-11
-5 - (-6 - -8) - (-2 + 2) - -6
-1
What is the value of -8 + (9 - 2) + 2?
1
Evaluate (2 - -5 - (-1 - -9)) + -2 - -13.
10
What is the value of ((-2 - 0) + 16 + -9 - 12) + -2?
-9
Evaluate (-2 - 1) + 8 - 0 - (89 + -77).
-7
What is the value of 8 - (-4 + 8 - (22 + -36)) - -31?
21
What is the value of 29 + -35 + 40 - 20?
14
What is the value of -3 + (51 + -49 - (3 - -1))?
-5
Calculate (-52 - -16) + 20 - -18.
2
What is the value of 31 - (41 - (12 - -2))?
4
What is the value of -8 + 28 - (22 + (11 - 22))?
9
What is -12 + -2 + 10 + 15?
11
What is 137 - 152 - (-21 + 0) - -17?
23
Evaluate 11 - (-4 - (-2 + -9)).
4
What is 74 + -75 - (-11 + -1)?
11
Calculate -29 - -34 - -36 - 29.
12
Evaluate 18 + -3 - (-166 + 152).
29
Calculate -26 + 37 + -8 + -2.
1
Calculate 26 - ((28 - 25) + (-2 - -11)).
14
(0 - 18 - -3) + 12 + -3
-6
11 - ((2 - (-4 + 0)) + 4)
1
Evaluate (4 - 0) + -11 + 3.
-4
Calculate 40 + (-45 - -10) + 12.
17
What is -26 + 1 - (-62 - -7)?
30
Evaluate 1 + 36 - (-4 + 30 + -28) - 8.
31
What is the value of -1 + (-8 - (-1 + -24)) + 7?
23
Evaluate 19 + ((-7 - 2) + 1 - -8).
19
Calculate -9 + (3 - (4 - 8)) - -5.
3
Calculate 62 + -16 - (30 - -2).
14
What is 6 - 1 - ((-12 + 2 - 9) + 24)?
0
232 + -237 + 0 + 6
1
-1 + (-32 - ((0 - 5) + (-44 - -41)))
-25
What is the value of -1 + 4 + (4 + -29 - -8) + 4?
-10
What is the value of 5 - (-4 - (-6 + (6 - 4) + -7))?
-2
What is the value of -14 + (-35 - -14) + 24?
-11
What is the value of -10 + (5 - (0 + (-4 - -4)))?
-5
What is the value of (18 + -26 - (-35 - -2) - -5) + -2?
28
Calculate -9 - (3 - 16 - 0).
4
What is the value of 0 - -8 - ((-75 - -55) + 39)?
-11
What is 4 + 8 + -8 + -5 + 7?
6
-7 - (-4 + 2) - (-13 + 2)
6
(-3 - 6) + (14 - (5 - -1)) - -1
0
What is (12 - -1) + (-5 - (2 - 4))?
10
-20 + (-19 + (0 - 1) - (-354 + 343))
-29
-1 - 6 - (-83 + 84)
-8
What is 9 + 6 + -19 + -8 - -2?
-10
Evaluate (-1 - (-1 - 0)) + -2 - (-2795 - -2809).
-16
What is the value of 11 + (-32 - -15) - (-2 - 3)?
-1
(-19 + 9 - (-11 + 5)) + 19
15
Evaluate (-1 - (19 + -17)) + 8.
5
What is the value of 23 - 25 - (-12 + 0) - (2 + 37)?
-29
What is 20 + (-10 - (10 - 18 - -7)) - 0?
11
-10 + 20 - 6 - (-3 - (0 + -3))
4
Calculate -7 - (-20 - -14 - (-1 + 4)).
2
Evaluate 1 + 5 + (99 - 125) + 7.
-13
What is -5 + 6 + -10 - 2?
-11
What is the value of -445 + 413 - (-16 - -1)?
-17
Evaluate 3 + -16 + -1 + 13 - (0 - 15).
14
Evaluate 241 - 232 - (1 - -1).
7
What is 3 + (-17 - 18) - (-9 - 3)?
-20
What is (23 - 3 - 29) + 24?
15
-9 - ((-1 - -3 - (54 - 55)) + -2)
-10
Calculate (-32 - -33) + -1 + (7 - 4) + -1.
2
What is -10 - (-17 + (13 - (6 - 2)))?
-2
What is 7 + (-12 + 5 - -14) + -10?
4
What is -32 - ((-42 - -15) + 16) - (6 + -2)?
-25
Evaluate 19 - (-4 + 2) - (-28 - -10 - -20).
19
What is the value of 6 - -1 - (10 + -9)?
6
-29 + 11 + -12 + 2 + 12 + -2
-18
17 - (-11 + 3 - -13) - (3 - -1)
8
What is the value of 3 + 2 + 5 - (6 + -1)?
5
(35 - 29) + -21 + 2 - -22
9
Evaluate 140 - 148 - (-4 + 0).
-4
Calculate (2369 - 2377) + (-1 - -1) + 0 + 12.
4
What is the value of (19 - 4) + -9 - (-2 + 0 + 0)?
8
What is 11 - 0 - (-9 - 6 - -21)?
5
Evaluate (-78 - -81) + -2 + 0 + 1.
2
Evaluate -1 + 32 + -3 + 8 + -17.
19
What is the value of 8 - (-9 + 12 + 2)?
3
Evaluate -5 + -13 - (4 + 1 - 6).
-17
Evaluate -5 + (-9 - (-10 - 16)).
12
-839 - -848 - (-1 + -3)
13
Evaluate 4 + -19 + (7 + -9 - -8).
-9
Evaluate (-3 - -4) + 8 + -13.
-4
67 - (42 - -40) - (3 - (1 - 1))
-18
Evaluate 25 + (-10 - 8) - (-5 + (-3 - -4)).
11
What is the value of (40 - -6 - 47) + -2 + 0?
-3
What is -7 - (6 + (-12 - -14) + 1)?
-16
Calculate 27 + -29 - ((1 + 2 - 6) + 3).
-2
Evaluate (-1 - -3) + -12 - (-50 + 40 - -7).
-7
((-1 - 8) + 25 - 10) + 0 + 1
7
Evaluate 12 - (-7 + 1 + 14).
4
(-10 - -7) + 4 + -2 + 1 + 3
3
Calculate (-2 - (-18 + -2)) + -9.
9
What is the value of (2 - -6 - (13 - 14)) + (1 - -4)?
14
(13 - 24 - -9) + 9
7
Evaluate (3 - (3 + (4 - 4) - -4)) + -7.
-11
-22 - (-2 + (-12 - -21) + -9)
-20
What is the value of (-3 - (13 - 6)) + -2 + 8?
-4
(-13 - (-14 + (-4 - 5))) + -2 + -18
-10
What is the value of 0 - (8 + 0 - (-39 - -60))?
13
2 - ((-46 - -59) + 1 + -10)
-2
Calculate 0 + (5 - (2 + (-4 - -7) + 8)).
-8
Calculate -7 + (-4 - -5 - 4) + (-18 - -56).
28
What is -21 + 2 + 19 - (-2 - (-10 + -1))?
-9
Evaluate -1 - (-6 + -10 - -28) - -3.
-10
Calculate -1 + -5 + (5 - 5) - (4 + 0).
-10
What is the value of -29 + 0 - (567 + -591)?
-5
13 + 0 + (12 - 25 - -7)
7
What is -9 + (3 - (1 + 9 - 2)) - -4?
-10
Calculate -5 - (-10 - -5) - ((-2 - -4) + -8).
6
Evaluate -60 + 51 + -3 + 2 + -1.
-11
Calculate 16 + (-6 - 10) - 18.
-18
9 + (-34 - -30) + -1 + -3 + 5
6
What is 7 - (-22 - (-66 - -23))?
-14
What is the value of 7 - (-11 + -17 + 13 + -4)?
26
Evaluate -14 + (-14 + 10 + 6 - 16).
-28
Calculate -22 + (21 - -9) + -22 + 3.
-11
Calculate -7 - (0 + (-4 - 1)).
-2
(0 - -11) + (-27 - 2 - -26 - 3)
5
What is the value of 1 + -4 + 5 + -4 + -7 + 19?
10
What is (35 - 30) + (1 + -6 - 7)?
-7
Evaluate -30 - (-15 + -21) - -5.
11
What is -3 + 7 + -6 + -3?
-5
What is the value of -3 + 8 - (9 - (-13 - (-3 - 4)))?
-10
What is the value of -108 + 190 + -1 + -46?
35
(15 - 4) + -3 + -2 + 3
9
Evaluate (-5 - (1 - (-22 + 14))) + 0.
-14
What is 9 - ((-5 - -4) + 0 + 11)?
-1
12 + (-5 - -7) + -18 - (-10 + -1)
7
Calculate -8 - ((-1 - 5) + (83 - 73) - 5).
-7
-3 - -9 - (1 - (-2 - (-7 - 2)))
12
Calculate 18 + (-4 - 1) - (3 + -6).
16
Calculate 17 + 22 + -16 + -43.
-20
Evaluate 0 - (-6 + (-1 + 19 - (-46 + 45))).
-13
What is -5 + 1 + (-20 - 9) + (28 - 6)?
-11
What is 15 + 10 + -27 + 14?
12
What is the value of -121 + 62 + 56 + 0 + (30 - -1)?
28
Evaluate -32 - -15 - (-8 + (-2 - 1)).
-6
What is -2 + (-2 - -4) + -9 + 9 + -2?
-2
What is 27 + -16 + (-5 - -5)?
11
Evaluate (7 + (2 - 4) - 7) + -9.
-11
Calculate (11 + 4 - 13) + 4 - 4.
2
Calculate -3 - (11 - (-16 + 4 + 37)).
11
-35 - ((19 - (7 - 6)) + -35)
-18
121 - 100 - (26 + -1)
-4
What is the value of (-1 - (3 + -5)) + 20 + -28?
-7
What is (6 - (42 - 16)) + 6?
-14
Evaluate (17 - -5) + 8 + (13 - 22).
21
What is the value of 15 + (-19 + 11 - (31 - 1))?
-23
Calculate 14 + -13 + 9 - 4.
6
Evaluate (-8 - -4) + 9 + -8 + -3 + 6.
0
What is 18 + (-12 - -16) + -14?
8
Calculate 14 - (-25 - (7 - 25)).
21
(1 - (-26 + 11)) + -6
10
Evaluate 3 + (1 - 1 - (-8 - (7 + -8))).
10
Evaluate 2 - (10 + -5) - 2.
-5
(3 + -24 - -6) + 9
-6
(17 - -3) + 0 + -11
9
What is the value of -11 + -11 + (17 - 3) - 15?
-23
What is the value of 3 - -6 - (13 + 4)?
-8
Evaluate 11 - 18 - -25 - 34.
-16
14 - -5 - 4 - (-1 + 7 - 3)
12
Calculate -5 - (-13 - -14) - -1.
-5
What is the value of 8 + -3 + -212 + 184?
-23
Evaluate -79 + (10 - -20) - -41.
-8
What is -12 - (-18 - (-15 + 4))?
-5
What is the value of 10 - ((6 - (6 - -10)) + 22) - -14?
12
Calculate -15 + 6 + -10 + 1 - -10.
-8
Evaluate 5 - -8 - 30 - -6.
-11
Evaluate -2 + -2 + -3 - (-8 + -48 + 50).
-1
Evaluate (1 - -8) + 10 + 27 + -30 + 5.
21
Evaluate -2 + 4 + 4 + -11 + 22 - 8.
9
-9 - (13 + -20 + -2 + 1)
-1
Evaluate (-55 - -30) + 36 - (1 - -2).
8
(-3 - (4 + -3)) + -10 + 15 - 11
-10
What is (-16 - -8) + 28 + (-9 - 2)?
9
-1 - (12 + -3) - (29 + -25 + -5)
-9
What is the value of (-34 - -12) + 22 - -30?
30
-1 + 0 - 3 - (3 + 27 - 8)
-26
-4 - 9 - -12 - -22
21
1 + -6 - (-2 - 0) - 0
-3
Evaluate (-12 - -12) + -11 + 12.
1
Evaluate 0 - (14 - (7 - (-3 - (-1 + -10)))).
-15
Calculate -1 - (-5 - -2) - -2 - (2 - -2).
0
Evaluate 0 - -12 - 19 - -3.
-4
What is the value of 7 - -1 - 8 - -5?
5
Evaluate -86 + 64 - (-17 + -2).
-3
Calculate 1 + 1 + (23 - 21) + (-4 - -1).
1
What is 10 - (-3 - 1 - (42 + -9 + -26))?
21
What is -19 - (-25 + 15) - (-11 - 0)?
2
409 - 426 - (1 - 21)
3
What is the value of 4 + 7 - (-4 - 1)?
16
45 - 33 - (15 - 0)
-3
What is 2 + -9 + -8 + (14 - 1)?
-2
(0 - (-9 - (0 + -6))) + 20 + -4
19
What is the value of (-26 - (-53 - 12)) + -33?
6
-28 - -31 - (-2 - -6)
-1
Eval